36 a multiple of 146?
False
Does 54 divide 2074649112?
True
Does 16 divide 369502192?
True
Does 254 divide 382484376?
True
Is 85234809 a multiple of 33?
True
Does 684 divide 32374937?
False
Is 563538632 a multiple of 152?
True
Is 291934467 a multiple of 237?
True
Does 381 divide 120549162?
True
Is 67235349 a multiple of 13?
False
Does 3 divide 38896522?
False
Is 70 a factor of 28106954?
False
Is 14 a factor of 16981076?
True
Is 19 a factor of 284915139?
False
Is 379 a factor of 2009797102?
False
Is 256950330 a multiple of 210?
True
Is 134494093 a multiple of 71?
True
Does 45 divide 581840550?
True
Does 23 divide 107715486?
True
Does 1342 divide 42979434?
False
Does 1659 divide 1020500265?
False
Is 399 a factor of 9809814?
True
Is 2670838012 a multiple of 8235?
False
Is 3930 a factor of 248302797?
False
Is 17 a factor of 688792032?
False
Is 66511564 a multiple of 14?
True
Is 124 a factor of 366962451?
False
Does 1713 divide 3148113467?
False
Is 446 a factor of 103465743?
False
Is 183 a factor of 16580898?
True
Is 4161903 a multiple of 6?
False
Is 631 a factor of 1185103803?
False
Is 937870159 a multiple of 2713?
False
Is 5586425 a multiple of 16?
False
Does 7 divide 52191013?
True
Does 14 divide 433960982?
True
Does 1186 divide 10250598?
True
Is 6509580 a multiple of 55?
True
Is 35 a factor of 520987858?
False
Is 406112058 a multiple of 23?
True
Is 108035616 a multiple of 1014?
True
Is 412626948 a multiple of 3851?
True
Does 39 divide 34108130?
False
Is 71 a factor of 161675804?
True
Is 836 a factor of 1087157707?
False
Is 777782164 a multiple of 9?
False
Is 422 a factor of 631203577?
False
Is 26 a factor of 39810394?
True
Is 100857033 a multiple of 1293?
False
Does 2001 divide 115307625?
True
Does 48 divide 2484718404?
False
Does 305 divide 3784135?
True
Does 91 divide 112354986?
False
Does 47 divide 66739283?
False
Is 48821760 a multiple of 936?
True
Is 170250684 a multiple of 767?
False
Is 661727286 a multiple of 11?
True
Is 628986112 a multiple of 256?
True
Is 2779795761 a multiple of 26?
False
Does 118 divide 556187926?
True
Is 89644352 a multiple of 224?
True
Does 1631 divide 25358550?
False
Is 336 a factor of 352977408?
True
Is 12 a factor of 23368787?
False
Does 10 divide 233028247?
False
Does 416 divide 33752992?
True
Does 42 divide 53865051?
False
Is 251 a factor of 96211061?
True
Is 119478854 a multiple of 3761?
False
Is 171 a factor of 1555245?
True
Does 287 divide 59396372?
True
Is 563 a factor of 669346196?
True
Does 633 divide 902733226?
False
Is 635592327 a multiple of 2553?
True
Is 459810 a multiple of 18?
True
Is 12 a factor of 7732760?
False
Is 29 a factor of 918356704?
False
Is 6842194 a multiple of 108?
False
Does 18 divide 59521446?
True
Is 15 a factor of 124754370?
True
Is 475658327 a multiple of 2819?
True
Does 575 divide 55991115?
False
Is 819050793 a multiple of 47?
False
Is 765 a factor of 105801030?
True
Does 39 divide 231078941?
False
Is 22887493 a multiple of 2?
False
Is 111612163 a multiple of 2437?
True
Does 4763 divide 330740870?
False
Does 243 divide 131258637?
True
Is 2963862 a multiple of 2?
True
Does 32 divide 3606035?
False
Is 10 a factor of 5653010?
True
Is 2536 a factor of 95277520?
True
Is 19 a factor of 123199454?
False
Is 42 a factor of 171154?
False
Is 51224364 a multiple of 8530?
False
Does 402 divide 2272596?
False
Is 271396674 a multiple of 10?
False
Is 27643665 a multiple of 1130?
False
Is 77512659 a multiple of 39?
False
Is 3 a factor of 777566004?
True
Does 85 divide 1198560890?
False
Does 936 divide 2912847912?
True
Is 1268072160 a multiple of 1020?
True
Is 528663042 a multiple of 678?
True
Is 15 a factor of 32599429?
False
Does 1113 divide 2332569506?
False
Is 306 a factor of 2215202?
False
Is 631 a factor of 441407754?
False
Is 185824584 a multiple of 5319?
True
Does 375 divide 48716940?
False
Is 480074624 a multiple of 226?
True
Does 38 divide 98159331?
False
Is 452398011 a multiple of 279?
False
Is 1263 a factor of 1567790949?
True
Does 5 divide 230455151?
False
Does 7 divide 24152891?
True
Does 13 divide 588887?
True
Is 202 a factor of 1500680829?
False
Does 8 divide 630505358?
False
Is 1478223707 a multiple of 19?
False
Is 34426354 a multiple of 6623?
True
Is 36 a factor of 45705216?
False
Is 22 a factor of 308379566?
True
Is 143 a factor of 105185795?
True
Is 104 a factor of 1623479896?
False
Does 90 divide 2297018150?
False
Is 1228899 a multiple of 238?
False
Does 2168 divide 7275355?
False
Is 235151752 a multiple of 136?
True
Does 45 divide 249774882?
False
Does 5184 divide 170677311?
False
Is 1495 a factor of 575675165?
True
Does 1349 divide 120311058?
False
Is 6646940 a multiple of 172?
True
Is 184 a factor of 963749?
False
Is 14 a factor of 46446794?
False
Is 492244048 a multiple of 178?
True
Does 1410 divide 4412499120?
True
Does 114 divide 102397422?
True
Does 1586 divide 1620553145?
False
Is 7089 a factor of 614952614?
False
Is 5853569624 a multiple of 12401?
True
Is 1402464103 a multiple of 674?
False
Does 37 divide 342759268?
True
Is 27 a factor of 105598080?
True
Does 1513 divide 201376706?
False
Does 13 divide 1635779756?
True
Does 39 divide 944061287?
False
Does 165 divide 4456485?
True
Does 10 divide 1869734?
False
Is 674 a factor of 11485553?
False
Is 3782 a factor of 1022049280?
False
Does 774 divide 19945327?
False
Is 33 a factor of 630363792?
False
Does 288 divide 283623840?
True
Is 203606928 a multiple of 2628?
True
Does 14 divide 19480447?
False
Is 95 a factor of 2330433?
False
Does 128 divide 419858922?
False
Is 94106601 a multiple of 166?
False
Is 952754373 a multiple of 57?
True
Is 126792890 a multiple of 3?
False
Is 5830 a factor of 640163150?
True
Is 24 a factor of 104016888?
True
Is 3336 a factor of 398384138?
False
Is 58 a factor of 49042886?
True
Does 11 divide 55305244?
False
Is 168 a factor of 79023611?
False
Is 61 a factor of 1171098422?
False
Does 2714 divide 144506930?
True
Is 1639 a factor of 63749189?
False
Is 187754805 a multiple of 45?
True
Does 6702 divide 1654186491?
False
Does 37 divide 36049359?
True
Does 7 divide 107370?
False
Is 4072632703 a multiple of 26?
False
Is 36375837 a multiple of 209?
False
Is 2274 a factor of 14029771?
False
Is 757 a factor of 41337615?
False
Is 90404986 a multiple of 1049?
False
Is 938406906 a multiple of 18?
True
Does 15 divide 24561094?
False
Is 21 a factor of 2445815081?
False
Is 368362650 a multiple of 75?
True
Is 161243716 a multiple of 281?
False
Is 10846181 a multiple of 3?
False
Does 499 divide 20628161?
True
Is 310 a factor of 1075958999?
False
Does 94 divide 13032832?
False
Is 47922680 a multiple of 2041?
True
Does 1616 divide 25497248?
True
Does 1064 divide 1676775301?
False
Is 399 a factor of 92882436?
False
Is 19 a factor of 428003455?
False
Does 2246 divide 129143874?
False
Is 723453817 a multiple of 68?
False
Is 1573988710 a multiple of 452?
False
Is 175577325 a multiple of 77?
True
Does 64 divide 21228992?
True
Is 57 a factor of 419702457?
True
Does 28 divide 1081561936?
True
Is 60508860 a multiple of 92?
True
Is 56847845 a multiple of 17?
False
Does 755 divide 123844632?
False
Is 101 a factor of 6543631?
False
Is 1466 a factor of 4053490?
True
Is 106 a factor of 1032443?
False
Is 8581447 a multiple of 37?
True
Does 5 divide 122069721?
False
Is 47248045 a multiple of 8?
False
Is 2709853375 a multiple of 3875?
True
Does 6 divide 41382990?
True
Is 607623 a multiple of 231?
False
Is 280124726 a multiple of 249?
False
Is 36462728 a multiple of 53?
True
Is 157 a factor of 1459684107?
True
Is 90 a factor of 3046282?
False
Is 98 a factor of 856743724?
False
Is 23 a factor of 21992301?
True
Is 7002192 a multiple of 618?
False
Is 235146096 a multiple of 6872?
True
Is 57 a factor of 28693572?
True
Is 5025724 a multiple of 752?
False
Is 1002178077 a multiple of 6?
False
Is 6 a factor of 6375012?
True
Is 30027293 a multiple of 167?
False
Is 16688045 a multiple of 1259?
True
Is 297 a factor of 769025086?
False
Is 678 a factor of 368546423?
False
Is 1095484500 a multiple of 55?
True
Does 15 divide 285157377?
False
Is 583715690 a multiple of 9?
False
Is 146992520 a multiple of 2?
True
Is 331666844 a multiple of 623?
False
Is 226 a factor of 122979608?
False
Is 148 a factor of 70451996?
True
Is 9 a factor of 1278